{"id":115,"date":"2020-05-19T13:29:00","date_gmt":"2020-05-19T13:29:00","guid":{"rendered":"https:\/\/www.pierrealainfolliet.com\/about\/cameras-gear\/"},"modified":"2021-05-20T13:57:04","modified_gmt":"2021-05-20T13:57:04","slug":"cameras-gear","status":"publish","type":"page","link":"https:\/\/www.pierrealainfolliet.com\/fr\/about\/cameras-gear\/","title":{"rendered":"Mes Appareils"},"content":{"rendered":"<p>[vc_row content_placement=\u00a0\u00bbmiddle\u00a0\u00bb][vc_column width=\u00a0\u00bb1\/2&Prime;][vc_column_text el_id=\u00a0\u00bbfuji-gx-617&Prime;]<\/p>\n<h3>Fuji GX 617<\/h3>\n<p>Le Fuji GX 617 est un appareil panoramique au format exceptionnel de 6&#215;17 cm. Utilisant du film 120, chaque image est le r\u00e9sultat de trois images 6&#215;6 environ. Ce format permet de grands tirages de qualit\u00e9, jusqu\u2019\u00e0 4m de long. Bo\u00eetier volumineux, tr\u00e8s solide, avec optiques interchangeables. Un appareil photo qui a marqu\u00e9 une g\u00e9n\u00e9ration de photographes panoramiques.<\/p>\n<p>[\/vc_column_text][\/vc_column][vc_column width=\u00a0\u00bb1\/2&Prime;][vc_empty_space height=\u00a0\u00bb20px\u00a0\u00bb][vc_single_image image=\u00a0\u00bb72&Prime; img_size=\u00a0\u00bbfull\u00a0\u00bb][\/vc_column][\/vc_row][vc_row][vc_column][vc_empty_space height=\u00a0\u00bb50px\u00a0\u00bb][\/vc_column][\/vc_row][vc_row content_placement=\u00a0\u00bbmiddle\u00a0\u00bb][vc_column width=\u00a0\u00bb1\/2&Prime;][vc_column_text el_id=\u00a0\u00bbebony-su-45&Prime;]<\/p>\n<h3>Ebony SU45<\/h3>\n<p>Hiromi Sakanashi est un perfectionniste comme peuvent l\u2019\u00eatre les Japonais passionn\u00e9s. Ne trouvant pas une chambre photographique lui convenant, il \u00e9labore des mod\u00e8les incroyables sous la marque Ebony. Le mod\u00e8le avec lequel j\u2019ai eu l\u2019immense plaisir de travailler \u00e9tait le mod\u00e8le 45SU. Format 4x5in (10x12cm), en \u00e9b\u00e8ne vieilli 20 ans et titane pour les pi\u00e8ces m\u00e9talliques, d\u2019une grande rigidit\u00e9 tout en \u00e9tant compact et l\u00e9ger. Travailler avec une chambre est un \u00e9loge de la lenteur. Les photographes cr\u00e9ent une image par heure en moyenne. Mais quelle sensation de se sentir dans l\u2019image alors que l\u2019on observe les diff\u00e9rents r\u00e9glages sur un verre d\u00e9poli 15x plus grand que le format 24&#215;36\u00a0! Une immersion totale dans le processus photographique.<\/p>\n<p>[\/vc_column_text][\/vc_column][vc_column width=\u00a0\u00bb1\/2&Prime;][vc_empty_space height=\u00a0\u00bb20px\u00a0\u00bb][vc_single_image image=\u00a0\u00bb77&Prime; img_size=\u00a0\u00bbfull\u00a0\u00bb][\/vc_column][\/vc_row][vc_row][vc_column][vc_empty_space height=\u00a0\u00bb50px\u00a0\u00bb][\/vc_column][\/vc_row][vc_row content_placement=\u00a0\u00bbmiddle\u00a0\u00bb][vc_column width=\u00a0\u00bb1\/2&Prime;][vc_column_text el_id=\u00a0\u00bbhasselblad-500&Prime;]<\/p>\n<h3>Hasselblad 500<\/h3>\n<p>Quand la NASA a envoy\u00e9 des hommes autour et sur la Lune, elle choisit un Hasselblad 500. Cet appareil n\u2019\u00e9tait qu\u2019une version modifi\u00e9e du mod\u00e8le standard, avec des boutons plus gros afin d\u2019accommoder les gants des cosmonautes. Bo\u00eetiers simples, fiables, optiques de qualit\u00e9 et format 6&#215;6 qui ont marqu\u00e9 l\u2019iconographie spatiale de la conqu\u00eate de la Lune. Ce syst\u00e8me \u00e9volutif offre une grande flexibilit\u00e9 permettant de s\u2019adapter au mieux \u00e0 la prise de vue demand\u00e9e. Et puis, le plaisir sensuel de tenir cet outil aux bords chrom\u00e9s arrondis, le bruit caract\u00e9ristique du miroir, la manivelle d\u2019avancement du film. Toute une \u00e9poque\u2026<\/p>\n<p>[\/vc_column_text][\/vc_column][vc_column width=\u00a0\u00bb1\/2&Prime;][vc_empty_space height=\u00a0\u00bb20px\u00a0\u00bb][vc_single_image image=\u00a0\u00bb81&Prime; img_size=\u00a0\u00bbfull\u00a0\u00bb][\/vc_column][\/vc_row][vc_row][vc_column][vc_empty_space height=\u00a0\u00bb50px\u00a0\u00bb][\/vc_column][\/vc_row][vc_row content_placement=\u00a0\u00bbmiddle\u00a0\u00bb][vc_column width=\u00a0\u00bb1\/2&Prime;][vc_column_text el_id=\u00a0\u00bbhasselblad-xpan\u00a0\u00bb]<\/p>\n<h3>Hasselblad XPan<\/h3>\n<p>Fruit d\u2019une collaboration avec Fuji, l\u2019Hasselblad XPan est un appareil panoramique bas\u00e9 sur du film 24&#215;36. Il peut passer du format 24&#215;36 classique au format 24&#215;65 sur simple pression d\u2019un bouton, \u00e0 la demande et tout en restant sur le m\u00eame film. De mani\u00e8re ing\u00e9nieuse, le film est enti\u00e8rement sorti de sa cassette une fois introduit dans le bo\u00eetier, puis rembobin\u00e9 progressivement apr\u00e8s chaque photo. Cela permet de toujours savoir combien de photos restent \u00e0 disposition et d\u2019assurer l\u2019int\u00e9grit\u00e9 du film si l\u2019appareil \u00e9tait ouvert par inadvertance. Ce mod\u00e8le poss\u00e8de trois optiques, offrant une flexibilit\u00e9 \u00e9tonnante. L\u2019Hasselblad XPan \u00e9tait donc compagnon de voyage id\u00e9al pour moi.<\/p>\n<p>[\/vc_column_text][\/vc_column][vc_column width=\u00a0\u00bb1\/2&Prime;][vc_empty_space height=\u00a0\u00bb20px\u00a0\u00bb][vc_single_image image=\u00a0\u00bb78&Prime; img_size=\u00a0\u00bbfull\u00a0\u00bb][\/vc_column][\/vc_row][vc_row][vc_column][vc_empty_space height=\u00a0\u00bb50px\u00a0\u00bb][\/vc_column][\/vc_row][vc_row content_placement=\u00a0\u00bbmiddle\u00a0\u00bb][vc_column width=\u00a0\u00bb1\/2&Prime;][vc_column_text el_id=\u00a0\u00bbphase-one-iq4&Prime;]<\/p>\n<h3>Phase One IQ4 digital back<\/h3>\n<p>Phase One a \u00e9t\u00e9 fond\u00e9e en 1993 au Danemark. La firme devient tr\u00e8s vite un synonyme de qualit\u00e9 en cr\u00e9ant des dos digitaux moyen format incroyables. Depuis lors, Phase One est consid\u00e9r\u00e9 comme la solution de r\u00e9f\u00e9rence lorsque la pr\u00e9cision du rendu est primordiale. Personnellement, j\u2019utilise un dos digital IQ4 avec un Phase One XF ainsi que sur diff\u00e9rents bo\u00eetiers ALPA, en fonction des projets sur lesquels je travaille. Avec un capteur 40x53mm de 150mio de pixels, la qualit\u00e9 du dos digital IQ4 est vraiment extraordinaire.<\/p>\n<p>[\/vc_column_text][\/vc_column][vc_column width=\u00a0\u00bb1\/2&Prime;][vc_empty_space height=\u00a0\u00bb20px\u00a0\u00bb][vc_single_image image=\u00a0\u00bb79&Prime; img_size=\u00a0\u00bbfull\u00a0\u00bb][\/vc_column][\/vc_row][vc_row][vc_column][vc_empty_space height=\u00a0\u00bb50px\u00a0\u00bb][\/vc_column][\/vc_row][vc_row content_placement=\u00a0\u00bbmiddle\u00a0\u00bb][vc_column width=\u00a0\u00bb1\/2&Prime;][vc_column_text el_id=\u00a0\u00bbphase-one-xf\u00a0\u00bb]<\/p>\n<h3>Phase One XF<\/h3>\n<p>Phase One, fond\u00e9e \u00e0 Copenhague en 1993, se concentre d\u2019abord sur la conception de dos digitaux, autant couleur que noir-blanc. Apr\u00e8s le rachat de Mamiya en 2009, son expertise en bo\u00eetiers se d\u00e9veloppe, pour aboutir au lancement du Phase One XF. Des fonctions intelligentes de <em>bracketing<\/em>, de <em>stack focusing<\/em>, de d\u00e9clenchement par sismographe, etc. font du XF un appareil totalement versatile, utilisable en studio ou dans une for\u00eat tropicale. De plus, l\u2019intelligence du lien entre le XF et ses dos Phase One IQ est une \u00e9vidence, ce qui permet une gestion tr\u00e8s pr\u00e9cise de l\u2019environnement du traitement de l\u2019image. Le Phase One XF constitue \u00e0 mes yeux un superbe outil, pour lequel il faut malgr\u00e9 tout pr\u00e9voir un bon sac \u00e0 dos.<\/p>\n<p>[\/vc_column_text][\/vc_column][vc_column width=\u00a0\u00bb1\/2&Prime;][vc_empty_space height=\u00a0\u00bb20px\u00a0\u00bb][vc_single_image image=\u00a0\u00bb80&Prime; img_size=\u00a0\u00bbfull\u00a0\u00bb][\/vc_column][\/vc_row][vc_row][vc_column][vc_empty_space height=\u00a0\u00bb50px\u00a0\u00bb][\/vc_column][\/vc_row][vc_row content_placement=\u00a0\u00bbmiddle\u00a0\u00bb][vc_column width=\u00a0\u00bb1\/2&Prime;][vc_column_text el_id=\u00a0\u00bbalpa-stc\u00a0\u00bb]<\/p>\n<h3>Alpa STC<\/h3>\n<p>ALPA \u00e9tait connu dans les ann\u00e9es 80\u2019 comme constructeur suisse d\u2019appareils photo 24&#215;36 haut de gamme. L\u2019entreprise fut le dernier constructeur europ\u00e9en de bo\u00eetiers r\u00e9flex 24&#215;36 \u00e0 l\u2019\u00e9poque. Suite \u00e0 des difficult\u00e9s financi\u00e8res, la marque se r\u00e9invente en 1996, en fabricant de nouveaux bo\u00eetiers moyen format. ALPA propose d\u00e8s lors diff\u00e9rents mod\u00e8les, allant du petit 12TC aux mod\u00e8les plus grands, incorporant divers d\u00e9placements verticaux et horizontaux pour la photo architecturale ou panoramique. D\u2019un design ing\u00e9nieux et d\u2019une qualit\u00e9 de fabrication incroyable, ces nouveaux ALPA offrent simplicit\u00e9 et l\u00e9g\u00e8ret\u00e9, associ\u00e9es \u00e0 des optiques fantastiques. Appareils essentiels dans mes projets, j\u2019aime utiliser l\u2019ALPA 12TC, 12STC, 12FPS, 12Plus et 12Pano, toujours avec le dos Phase One IQ4.<\/p>\n<p>[\/vc_column_text][\/vc_column][vc_column width=\u00a0\u00bb1\/2&Prime;][vc_empty_space height=\u00a0\u00bb20px\u00a0\u00bb][vc_single_image image=\u00a0\u00bb76&Prime; img_size=\u00a0\u00bbfull\u00a0\u00bb][\/vc_column][\/vc_row][vc_row][vc_column][vc_empty_space height=\u00a0\u00bb100px\u00a0\u00bb][\/vc_column][\/vc_row]<\/p>\n","protected":false},"excerpt":{"rendered":"<p>[vc_row content_placement=\u00a0\u00bbmiddle\u00a0\u00bb][vc_column width=\u00a0\u00bb1\/2&Prime;][vc_column_text el_id=\u00a0\u00bbfuji-gx-617&Prime;] Fuji GX 617 Le Fuji GX 617 est un appareil panoramique au format exceptionnel de 6&#215;17 cm. Utilisant du film 120, chaque image est le r\u00e9sultat de trois images 6&#215;6 environ. Ce format permet de grands tirages de qualit\u00e9, jusqu\u2019\u00e0 4m de long. Bo\u00eetier volumineux, tr\u00e8s solide, avec optiques interchangeables. Un [&hellip;]<\/p>\n","protected":false},"author":1,"featured_media":0,"parent":107,"menu_order":0,"comment_status":"closed","ping_status":"closed","template":"","meta":[],"_links":{"self":[{"href":"https:\/\/www.pierrealainfolliet.com\/fr\/wp-json\/wp\/v2\/pages\/115"}],"collection":[{"href":"https:\/\/www.pierrealainfolliet.com\/fr\/wp-json\/wp\/v2\/pages"}],"about":[{"href":"https:\/\/www.pierrealainfolliet.com\/fr\/wp-json\/wp\/v2\/types\/page"}],"author":[{"embeddable":true,"href":"https:\/\/www.pierrealainfolliet.com\/fr\/wp-json\/wp\/v2\/users\/1"}],"replies":[{"embeddable":true,"href":"https:\/\/www.pierrealainfolliet.com\/fr\/wp-json\/wp\/v2\/comments?post=115"}],"version-history":[{"count":6,"href":"https:\/\/www.pierrealainfolliet.com\/fr\/wp-json\/wp\/v2\/pages\/115\/revisions"}],"predecessor-version":[{"id":825,"href":"https:\/\/www.pierrealainfolliet.com\/fr\/wp-json\/wp\/v2\/pages\/115\/revisions\/825"}],"up":[{"embeddable":true,"href":"https:\/\/www.pierrealainfolliet.com\/fr\/wp-json\/wp\/v2\/pages\/107"}],"wp:attachment":[{"href":"https:\/\/www.pierrealainfolliet.com\/fr\/wp-json\/wp\/v2\/media?parent=115"}],"curies":[{"name":"wp","href":"https:\/\/api.w.org\/{rel}","templated":true}]}}

<p>[vc_row content_placement= »middle »][vc_column width= »1/2&Prime;][vc_column_text el_id= »fuji-gx-617&Prime;]</p>
<h3>Fuji GX 617</h3>
<p>Le Fuji GX 617 est un appareil panoramique au format exceptionnel de 6&#215;17 cm. Utilisant du film 120, chaque image est le résultat de trois images 6&#215;6 environ. Ce format permet de grands tirages de qualité, jusqu’à 4m de long. Boîtier volumineux, très solide, avec optiques interchangeables. Un appareil photo qui a marqué une génération de photographes panoramiques.</p>
<p>[/vc_column_text][/vc_column][vc_column width= »1/2&Prime;][vc_empty_space height= »20px »][vc_single_image image= »72&Prime; img_size= »full »][/vc_column][/vc_row][vc_row][vc_column][vc_empty_space height= »50px »][/vc_column][/vc_row][vc_row content_placement= »middle »][vc_column width= »1/2&Prime;][vc_column_text el_id= »ebony-su-45&Prime;]</p>
<h3>Ebony SU45</h3>
<p>Hiromi Sakanashi est un perfectionniste comme peuvent l’être les Japonais passionnés. Ne trouvant pas une chambre photographique lui convenant, il élabore des modèles incroyables sous la marque Ebony. Le modèle avec lequel j’ai eu l’immense plaisir de travailler était le modèle 45SU. Format 4x5in (10x12cm), en ébène vieilli 20 ans et titane pour les pièces métalliques, d’une grande rigidité tout en étant compact et léger. Travailler avec une chambre est un éloge de la lenteur. Les photographes créent une image par heure en moyenne. Mais quelle sensation de se sentir dans l’image alors que l’on observe les différents réglages sur un verre dépoli 15x plus grand que le format 24&#215;36 ! Une immersion totale dans le processus photographique.</p>
<p>[/vc_column_text][/vc_column][vc_column width= »1/2&Prime;][vc_empty_space height= »20px »][vc_single_image image= »77&Prime; img_size= »full »][/vc_column][/vc_row][vc_row][vc_column][vc_empty_space height= »50px »][/vc_column][/vc_row][vc_row content_placement= »middle »][vc_column width= »1/2&Prime;][vc_column_text el_id= »hasselblad-500&Prime;]</p>
<h3>Hasselblad 500</h3>
<p>Quand la NASA a envoyé des hommes autour et sur la Lune, elle choisit un Hasselblad 500. Cet appareil n’était qu’une version modifiée du modèle standard, avec des boutons plus gros afin d’accommoder les gants des cosmonautes. Boîtiers simples, fiables, optiques de qualité et format 6&#215;6 qui ont marqué l’iconographie spatiale de la conquête de la Lune. Ce système évolutif offre une grande flexibilité permettant de s’adapter au mieux à la prise de vue demandée. Et puis, le plaisir sensuel de tenir cet outil aux bords chromés arrondis, le bruit caractéristique du miroir, la manivelle d’avancement du film. Toute une époque…</p>
<p>[/vc_column_text][/vc_column][vc_column width= »1/2&Prime;][vc_empty_space height= »20px »][vc_single_image image= »81&Prime; img_size= »full »][/vc_column][/vc_row][vc_row][vc_column][vc_empty_space height= »50px »][/vc_column][/vc_row][vc_row content_placement= »middle »][vc_column width= »1/2&Prime;][vc_column_text el_id= »hasselblad-xpan »]</p>
<h3>Hasselblad XPan</h3>
<p>Fruit d’une collaboration avec Fuji, l’Hasselblad XPan est un appareil panoramique basé sur du film 24&#215;36. Il peut passer du format 24&#215;36 classique au format 24&#215;65 sur simple pression d’un bouton, à la demande et tout en restant sur le même film. De manière ingénieuse, le film est entièrement sorti de sa cassette une fois introduit dans le boîtier, puis rembobiné progressivement après chaque photo. Cela permet de toujours savoir combien de photos restent à disposition et d’assurer l’intégrité du film si l’appareil était ouvert par inadvertance. Ce modèle possède trois optiques, offrant une flexibilité étonnante. L’Hasselblad XPan était donc compagnon de voyage idéal pour moi.</p>
<p>[/vc_column_text][/vc_column][vc_column width= »1/2&Prime;][vc_empty_space height= »20px »][vc_single_image image= »78&Prime; img_size= »full »][/vc_column][/vc_row][vc_row][vc_column][vc_empty_space height= »50px »][/vc_column][/vc_row][vc_row content_placement= »middle »][vc_column width= »1/2&Prime;][vc_column_text el_id= »phase-one-iq4&Prime;]</p>
<h3>Phase One IQ4 digital back</h3>
<p>Phase One a été fondée en 1993 au Danemark. La firme devient très vite un synonyme de qualité en créant des dos digitaux moyen format incroyables. Depuis lors, Phase One est considéré comme la solution de référence lorsque la précision du rendu est primordiale. Personnellement, j’utilise un dos digital IQ4 avec un Phase One XF ainsi que sur différents boîtiers ALPA, en fonction des projets sur lesquels je travaille. Avec un capteur 40x53mm de 150mio de pixels, la qualité du dos digital IQ4 est vraiment extraordinaire.</p>
<p>[/vc_column_text][/vc_column][vc_column width= »1/2&Prime;][vc_empty_space height= »20px »][vc_single_image image= »79&Prime; img_size= »full »][/vc_column][/vc_row][vc_row][vc_column][vc_empty_space height= »50px »][/vc_column][/vc_row][vc_row content_placement= »middle »][vc_column width= »1/2&Prime;][vc_column_text el_id= »phase-one-xf »]</p>
<h3>Phase One XF</h3>
<p>Phase One, fondée à Copenhague en 1993, se concentre d’abord sur la conception de dos digitaux, autant couleur que noir-blanc. Après le rachat de Mamiya en 2009, son expertise en boîtiers se développe, pour aboutir au lancement du Phase One XF. Des fonctions intelligentes de <em>bracketing</em>, de <em>stack focusing</em>, de déclenchement par sismographe, etc. font du XF un appareil totalement versatile, utilisable en studio ou dans une forêt tropicale. De plus, l’intelligence du lien entre le XF et ses dos Phase One IQ est une évidence, ce qui permet une gestion très précise de l’environnement du traitement de l’image. Le Phase One XF constitue à mes yeux un superbe outil, pour lequel il faut malgré tout prévoir un bon sac à dos.</p>
<p>[/vc_column_text][/vc_column][vc_column width= »1/2&Prime;][vc_empty_space height= »20px »][vc_single_image image= »80&Prime; img_size= »full »][/vc_column][/vc_row][vc_row][vc_column][vc_empty_space height= »50px »][/vc_column][/vc_row][vc_row content_placement= »middle »][vc_column width= »1/2&Prime;][vc_column_text el_id= »alpa-stc »]</p>
<h3>Alpa STC</h3>
<p>ALPA était connu dans les années 80’ comme constructeur suisse d’appareils photo 24&#215;36 haut de gamme. L’entreprise fut le dernier constructeur européen de boîtiers réflex 24&#215;36 à l’époque. Suite à des difficultés financières, la marque se réinvente en 1996, en fabricant de nouveaux boîtiers moyen format. ALPA propose dès lors différents modèles, allant du petit 12TC aux modèles plus grands, incorporant divers déplacements verticaux et horizontaux pour la photo architecturale ou panoramique. D’un design ingénieux et d’une qualité de fabrication incroyable, ces nouveaux ALPA offrent simplicité et légèreté, associées à des optiques fantastiques. Appareils essentiels dans mes projets, j’aime utiliser l’ALPA 12TC, 12STC, 12FPS, 12Plus et 12Pano, toujours avec le dos Phase One IQ4.</p>
<p>[/vc_column_text][/vc_column][vc_column width= »1/2&Prime;][vc_empty_space height= »20px »][vc_single_image image= »76&Prime; img_size= »full »][/vc_column][/vc_row][vc_row][vc_column][vc_empty_space height= »100px »][/vc_column][/vc_row]</p>

<p>[vc_row content_placement= »middle »][vc_column width= »1/2&Prime;][vc_column_text el_id= »fuji-gx-617&Prime;] Fuji GX 617 Le Fuji GX 617 est un appareil panoramique au format exceptionnel de 6&#215;17 cm. Utilisant du film 120, chaque image est le résultat de trois images 6&#215;6 environ. Ce format permet de grands tirages de qualité, jusqu’à 4m de long. Boîtier volumineux, très solide, avec optiques interchangeables. Un [&hellip;]</p>
